?
78
Suppose -2*k + 6 = 0, -3*t - 62*k + 1008 = -60*k. What is the remainder when t is divided by 24?
22
Let m = 299 - -403. What is the remainder when m is divided by 15?
12
Let v = -1136 - -2201. What is the remainder when v is divided by 97?
95
Let s(i) = 2*i**2 - i. Let m be s(-3). Suppose -h - h = b + 12, 5*b - 3*h = -m. Calculate the remainder when 28 is divided by (-92)/b + 2/(-6).
13
Suppose -8*d = -95 + 31. Calculate the remainder when (-4)/((-16)/(-6))*-10 is divided by d.
7
Let x(s) = -15*s**3 - s**2 + s + 1. Let c(z) = -40*z + 1. Let q be 2/(-3)*9/6. What is the remainder when c(q) is divided by x(-1)?
13
Suppose 253 = 14*m + 9*m. Let g = 2 + 3. Suppose -h - 32 = -g*h. What is the remainder when m is divided by h?
3
Let s(w) = w**2 - 6*w + 1. Let d be s(7). Let o = 9 + d. What is the remainder when o is divided by 10?
7
Let s(d) = 7*d**2 + 3*d**2 - 3 - 5*d**2 + 4*d - 4*d**2. Let p be s(-5). Suppose -9 - p = -g. What is the remainder when g is divided by 3?
2
Calculate the remainder when 33 is divided by 32/6 + 4/6.
3
Let k be (-18)/(-30) - 51/(-15). Let x(q) = 2*q**3 - 8*q**2 - 3*q - 5. What is the remainder when x(6) is divided by 62*2*k/16?
28
Suppose -3*i + w = -233, 5*w - 355 = -6*i + i. Let l = i + -41. Suppose 9 = 2*c - 4*u - 5, 2*u - 11 = -c. What is the remainder when l is divided by c?
8
What is the remainder when 89 is divided by 1 - 1 - (-11)/((-44)/(-104))?
11
Let s = -5 + 11. Suppose -d + s = -3. Calculate the remainder when 50 is divided by ((-3)/d)/((-2)/102).
16
Suppose -20*q + 15*q = -65. Let l(g) = g**2 + g - 5. What is the remainder when l(6) is divided by q?
11
Let k(f) = -f**3 + 8*f**2 - 8*f + 5. Let v be k(6). Suppose 0 = d - 2 - v. Calculate the remainder when d is divided by 2/6 - 391/(-51).
7
Suppose 13*p + 996 = 17*p. Suppose -p - 51 = -15*b. Calculate the remainder when b is divided by 4.
0
Suppose 0 = 12*n - 1127 + 419. Calculate the remainder when n is divided by 21.
17
What is the remainder when (8372/(-230))/((-2)/10*2) is divided by 20?
11
Calculate the remainder when 88 is divided by ((-28)/(-10))/(8*9/180).
4
Let s = -91 + 121. Suppose 0 = -4*w + 2*f + 1498, -755 = -0*w - 2*w - f. Suppose -5*n + 209 = -w. Calculate the remainder when n is divided by s.
27
Let l(c) = 20*c + 790. Calculate the remainder when l(7) is divided by 39.
33
Suppose 0 = -0*u + 2*u. Suppose u = 5*t + 4*q - 1286, -t + 253 = q + 4*q. Calculate the remainder when t is divided by 29.
26
Suppose 3592 = 38*w - 5870. What is the remainder when w is divided by 17?
11
Let b be (7 - 10)*(-1 - 1). Let g(p) = b*p**2 + 2*p**2 + 3 - 4*p**2 - 2*p + 1. Calculate the remainder when g(3) is divided by 9.
7
Suppose -3*b - h = -231, 0 = -b - 0*b + 5*h + 61. What is the remainder when b is divided by 40?
36
Let l(k) = -24 + 53 + 2*k + 0*k. Calculate the remainder when (1/(-3))/((-3)/207) is divided by l(-8).
10
Calculate the remainder when -34*(330/(-12) - -2) is divided by 31.
30
Let q = -40 - -74. What is the remainder when q is divided by 9?
7
Suppose -36 = -2*u + 4*z, 2*z - 11 = -3*u + 51. Suppose 20*f - u = 15*f. Let w = 13 - 9. Calculate the remainder when w is divided by f.
0
Let a(o) = -7*o**3 + 3*o**2 + 11*o + 19. Calculate the remainder when a(-2) is divided by 63.
2
Suppose v = 3*h + 54, -v - v + 104 = -5*h. Let q = 55 - v. What is the remainder when q is divided by 7?
6
Let c = -40 + 85. What is the remainder when 448 is divided by c?
43
Suppose 5*p + 31 = 11. Let o be ((-18)/2)/((261/(-30))/29). Calculate the remainder when 11 is divided by p - o/((-12)/4).
5
Calculate the remainder when (77/(-21) - -4) + 674/3 is divided by 77.
71
Suppose -5*l + 2*l = -q - 23, l - 5*q = 17. Calculate the remainder when 91 is divided by l.
0
Suppose 5*k - k = -12. What is the remainder when (0 + 1)*(-62)/(-2) is divided by -5*3/(-5)*(-11)/k?
9
Let n = -44 + 331. What is the remainder when n is divided by 18?
17
Let t = -66 + 111. Calculate the remainder when t is divided by (2/(-12)*-3)/((-2)/(-92)).
22
Let v(l) = -11*l**3 - 2*l**2 + l + 3. Let g be v(-2). Let x = g - 39. Suppose 8*z - x = 5*z. Calculate the remainder when 54 is divided by z.
12
Let n(z) = 3*z + 24. Let b(s) = 16*s + 120. Let x(y) = -2*b(y) + 11*n(y). What is the remainder when 21 is divided by x(-13)?
10
Suppose -5*j + 316 = s - 237, 0 = -5*j + 2*s + 559. Suppose 4*x = x + j. Let u(v) = -v**3 + 6*v**2 - 2*v - 2. Calculate the remainder when x is divided by u(5).
11
Suppose 335 = 16*p - 113. What is the remainder when p is divided by 11?
6
Let n(u) = -u**2 + 13*u - 10. Let f(t) be the third derivative of -t**4/2 - t**3/6 + 5*t**2. Calculate the remainder when n(8) is divided by f(-1).
8
Let y(a) = 96*a. Calculate the remainder when y(1) is divided by 34.
28
Let k = 182 - 179. Calculate the remainder when 11 is divided by k.
2
Let n = -314 + 388. Calculate the remainder when n is divided by 11.
8
Suppose 2*r = -8, -w + 220 = 3*w - 2*r. Suppose 305 = -6*o + 7*o. Suppose 0 = -13*l - 123 + o. What is the remainder when w is divided by l?
11
Calculate the remainder when (-34 - -412)*(-2)/(-2) is divided by 92.
10
Suppose -63 = -93*y + 90*y. Calculate the remainder when 39 is divided by y.
18
Suppose 0 = 6*y - 4*y + 44. Let g be 540/66 - (-4)/y. Let s = g - 2. Calculate the remainder when 23 is divided by s.
5
Let q(p) = 151*p**2 + 4974*p - 76. Calculate the remainder when q(-33) is divided by (-2)/2 - (-55 + -2).
53
Let q be ((-51)/68)/(2/48). Let a = q - -45. What is the remainder when a is divided by 12?
3
Let f(n) = n**2 + 8*n + 28. What is the remainder when f(-8) is divided by 11?
6
Let p = 25 + 12. Let y = -503 - -513. What is the remainder when p is divided by y?
7
Let m = 52 + -10. Let j = m + -26. Calculate the remainder when 77 is divided by j.
13
Let k = -13 + 24. Suppose 72*q - 67*q + 238 = 4*j, 0 = -3*j - 2*q + 167. What is the remainder when j is divided by k?
2
Suppose -55 = -3*z + 38. Let b = 27 + -28. Calculate the remainder when z is divided by 21/2 - b/2.
9
Let g(t) = 51*t + 1. Let j be g(1). Let y be -21*(j/(-28) - -1). Let r = y - -15. What is the remainder when r is divided by 12?
9
Suppose -5*p + 9 = -2*p. Suppose 92 = 3*a + 2*s, 38 + 79 = 3*a - p*s. Calculate the remainder when a is divided by 18.
16
Let o = -81 - 9. Let s(b) = -5*b + 47. Let q be s(11). Let a = q - o. What is the remainder when a is divided by 21?
19
Suppose 180 = 10*a - 490. What is the remainder when 396 is divided by a?
61
Let w = 481 - 314. Calculate the remainder when w is divided by 21.
20
Suppose 7*n + 48 = 3*n. Let m(y) = y**3 + 10*y**2 - 26*y - 15. Calculate the remainder when m(n) is divided by 3.
0
Let z(w) = -11*w**2 - 4*w - 1. Let q be z(-5). Calculate the remainder when 41 is divided by q/(-18) + (-9)/(243/6).
13
Let y(h) = -h**2 + 8*h + 22. Let b be y(9). Suppose -o + r + 1 = 0, -b = -o - 2*o - 2*r. What is the remainder when 23 is divided by o?
2
Let g be (0 - 1)*1 - 1. Calculate the remainder when 162/(-4)*40/(-30) is divided by (-3)/(g + 100/56).
12
Let t(l) = -16*l**3 - l**2 - l. Let k be (-2)/4*6 + 86. What is the remainder when (-2 - -2 - 4) + k is divided by t(-1)?
15
Let b(w) = 5*w**2 + 15*w - 13. Calculate the remainder when 72 is divided by b(-4).
2
Let m = 3 - -9. Calculate the remainder when (-14)/(-4) + 6/m is divided by 3.
1
Let b = 1810 + -1781. Calculate the remainder when 1039 is divided by b.
24
Let g(f) = f**3 + 7*f**2 + 3*f + 34. Let i be g(-8). Let o = 86 + i. Calculate the remainder when 125 is divided by o.
29
Suppose 5*o - 203 - 52 = 0. Let u(d) = -13*d + 7. Let l(q) = -6*q + 4. Let r(b) = -5*l(b) + 2*u(b). Calculate the remainder when o is divided by r(6).
15
Let i(q) = 2*q**2 - 15*q - 10. Let r be i(8). Let h(w) = 13*w**2 - 3. Calculate the remainder when h(r) is divided by 11.
5
Let r = -27 + 32. Suppose r*v - 89 = 251. Calculate the remainder when v is divided by 14.
12
Let f = 142 + -130. Calculate the remainder when 65 is divided by f.
5
Let l(q) = 2*q**2 - 9*q + 17. Calculate the remainder when l(-6) is divided by 12.
11
What is the remainder when 145 is divided by (-2 - -47) + -6 + 1?
25
Let j(c) = -c**2 - 12*c + 12. Let g be (-34)/3 - 8/12. What is the remainder when 45 is divided by j(g)?
9
Let h be 11 + -8 + 2 + -1. Let t be h*(-3 - (-5 - 2)).